{"id":6,"date":"2023-08-19T21:49:54","date_gmt":"2023-08-19T19:49:54","guid":{"rendered":"http:\/\/polkoper.pl\/?page_id=6"},"modified":"2023-08-19T22:20:39","modified_gmt":"2023-08-19T20:20:39","slug":"tworz-swoja-witryne-za-pomoca-blokow","status":"publish","type":"page","link":"http:\/\/polkoper.pl\/","title":{"rendered":"Szkolenie KGW"},"content":{"rendered":"\n<h2 class=\"wp-block-heading alignwide has-text-align-wide has-gigantic-font-size\" style=\"line-height:1.1\">Co gdzie kiedy<\/h2>\n\n\n\n<div class=\"wp-block-columns alignwide are-vertically-aligned-center is-style-twentytwentyone-columns-overlap is-layout-flex wp-container-core-columns-is-layout-9d6595d7 wp-block-columns-is-layout-flex\">\n<div class=\"wp-block-column is-vertically-aligned-center is-layout-flow wp-block-column-is-layout-flow\">\n<figure class=\"wp-block-image size-full alignfull is-style-twentytwentyone-border\"><img loading=\"lazy\" decoding=\"async\" width=\"600\" height=\"400\" src=\"http:\/\/polkoper.pl\/wp-content\/uploads\/2023\/08\/szkolenia_podatkowe_online.png\" alt=\"\" class=\"wp-image-25\" srcset=\"http:\/\/polkoper.pl\/wp-content\/uploads\/2023\/08\/szkolenia_podatkowe_online.png 600w, http:\/\/polkoper.pl\/wp-content\/uploads\/2023\/08\/szkolenia_podatkowe_online-300x200.png 300w\" sizes=\"auto, (max-width: 600px) 100vw, 600px\" \/><\/figure>\n<\/div>\n<\/div>\n\n\n\n<div style=\"height:50px\" aria-hidden=\"true\" class=\"wp-block-spacer\"><\/div>\n\n\n\n<div class=\"wp-block-columns alignwide are-vertically-aligned-top is-layout-flex wp-container-core-columns-is-layout-9d6595d7 wp-block-columns-is-layout-flex\">\n<div class=\"wp-block-column is-vertically-aligned-top is-layout-flow wp-block-column-is-layout-flow\">\n<h3 class=\"wp-block-heading\">Dodaj wzorzec blok\u00f3w<\/h3>\n\n\n\n<p>Wzory blok\u00f3w to wst\u0119pnie zaprojektowane grupy blok\u00f3w. Aby doda\u0107, wybierz przycisk dodaj blok [+] na pasku narz\u0119dzi u g\u00f3ry edytora. Przejd\u017a do karty Wzory pod paskiem wyszukiwania i wybierz.<\/p>\n<\/div>\n\n\n\n<div class=\"wp-block-column is-vertically-aligned-top is-layout-flow wp-block-column-is-layout-flow\">\n<h3 class=\"wp-block-heading\">Dodaj ramk\u0119 do obrazk\u00f3w<\/h3>\n\n\n\n<p>Twenty Twenty-One zawiera stylowe obramowanie tre\u015bci. W bloku obrazka otw\u00f3rz panel \u201eStyle\u201d z paska bocznego edytora. Wybierz styl bloku \u201eRamka\u201d, aby aktywowa\u0107.<\/p>\n<\/div>\n\n\n\n<div class=\"wp-block-column is-vertically-aligned-top is-layout-flow wp-block-column-is-layout-flow\">\n<h3 class=\"wp-block-heading\">Nak\u0142adaj\u0105ce si\u0119 kolumny<\/h3>\n\n\n\n<p>Twenty Twenty-One zawiera r\u00f3wnie\u017c styl nak\u0142adania si\u0119 na blok\u00f3w kolumn. Po zaznaczeniu bloku Kolumny otw\u00f3rz panel \u201eStyle\u201d na pasku bocznym Edytora. Wybierz styl bloku \u201eNak\u0142adanie\u201d, aby wypr\u00f3bowa\u0107.<\/p>\n<\/div>\n<\/div>\n\n\n\n<div style=\"height:100px\" aria-hidden=\"true\" class=\"wp-block-spacer\"><\/div>\n\n\n\n<div class=\"wp-block-cover alignwide is-light is-style-twentytwentyone-border\"><span aria-hidden=\"true\" class=\"wp-block-cover__background has-green-background-color has-background-dim-100 has-background-dim\"><\/span><div class=\"wp-block-cover__inner-container is-layout-flow wp-block-cover-is-layout-flow\">\n<div style=\"height:20px\" aria-hidden=\"true\" class=\"wp-block-spacer\"><\/div>\n\n\n\n<p class=\"has-huge-font-size\">Potrzebujesz pomocy?<\/p>\n\n\n\n<div style=\"height:75px\" aria-hidden=\"true\" class=\"wp-block-spacer\"><\/div>\n\n\n\n<div class=\"wp-block-columns is-layout-flex wp-container-core-columns-is-layout-9d6595d7 wp-block-columns-is-layout-flex\">\n<div class=\"wp-block-column is-layout-flow wp-block-column-is-layout-flow\">\n<p><a href=\"https:\/\/wordpress.org\/support\/article\/twenty-twenty-one\/\">Przeczytaj dokumentacj\u0119 motywu<\/a><\/p>\n<\/div>\n\n\n\n<div class=\"wp-block-column is-layout-flow wp-block-column-is-layout-flow\">\n<p><a href=\"https:\/\/wordpress.org\/support\/theme\/twentytwentyone\/\">Sprawd\u017a forum wsparcia<\/a><\/p>\n<\/div>\n<\/div>\n\n\n\n<div style=\"height:20px\" aria-hidden=\"true\" class=\"wp-block-spacer\"><\/div>\n<\/div><\/div>\n\n\n\n<h2 class=\"wp-block-heading\"><\/h2>\n\n\n\n<h2 class=\"wp-block-heading\"><\/h2>\n\n\n\n<h2 class=\"wp-block-heading\"><\/h2>\n\n\n\n<h2 class=\"wp-block-heading\"><\/h2>\n","protected":false},"excerpt":{"rendered":"<p>Co gdzie kiedy Dodaj wzorzec blok\u00f3w Wzory blok\u00f3w to wst\u0119pnie zaprojektowane grupy blok\u00f3w. Aby doda\u0107, wybierz przycisk dodaj blok [+] na pasku narz\u0119dzi u g\u00f3ry edytora. Przejd\u017a do karty Wzory pod paskiem wyszukiwania i wybierz. Dodaj ramk\u0119 do obrazk\u00f3w Twenty Twenty-One zawiera stylowe obramowanie tre\u015bci. W bloku obrazka otw\u00f3rz panel \u201eStyle\u201d z paska bocznego edytora. &hellip; <\/p>\n","protected":false},"author":1,"featured_media":0,"parent":0,"menu_order":0,"comment_status":"closed","ping_status":"closed","template":"","meta":{"footnotes":""},"class_list":["post-6","page","type-page","status-publish","hentry"],"_links":{"self":[{"href":"http:\/\/polkoper.pl\/index.php\/wp-json\/wp\/v2\/pages\/6","targetHints":{"allow":["GET"]}}],"collection":[{"href":"http:\/\/polkoper.pl\/index.php\/wp-json\/wp\/v2\/pages"}],"about":[{"href":"http:\/\/polkoper.pl\/index.php\/wp-json\/wp\/v2\/types\/page"}],"author":[{"embeddable":true,"href":"http:\/\/polkoper.pl\/index.php\/wp-json\/wp\/v2\/users\/1"}],"replies":[{"embeddable":true,"href":"http:\/\/polkoper.pl\/index.php\/wp-json\/wp\/v2\/comments?post=6"}],"version-history":[{"count":6,"href":"http:\/\/polkoper.pl\/index.php\/wp-json\/wp\/v2\/pages\/6\/revisions"}],"predecessor-version":[{"id":38,"href":"http:\/\/polkoper.pl\/index.php\/wp-json\/wp\/v2\/pages\/6\/revisions\/38"}],"wp:attachment":[{"href":"http:\/\/polkoper.pl\/index.php\/wp-json\/wp\/v2\/media?parent=6"}],"curies":[{"name":"wp","href":"https:\/\/api.w.org\/{rel}","templated":true}]}}